{"id":3433,"date":"2017-04-27T11:07:46","date_gmt":"2017-04-27T09:07:46","guid":{"rendered":"http:\/\/yootheme.markusweidemann.de\/wp-content\/uploads\/2017\/04\/Kunersberger-Teller-um-1765-Sammlung-Amelung-Mainfrankisches-Museum-Wurzburg.jpg"},"modified":"2017-04-27T11:07:46","modified_gmt":"2017-04-27T09:07:46","slug":"kuenersberger-teller-um-1765-sammlung-amelung-mainfraenkisches-museum-wuerzburg","status":"inherit","type":"attachment","link":"https:\/\/www.fayence-steinzeug-vogt.de\/de\/kuenersberger-hausmalerkrug-um-1765\/kuenersberger-teller-um-1765-sammlung-amelung-mainfraenkisches-museum-wuerzburg\/","title":{"rendered":"K\u00fcnersberger Teller um 1765 Sammlung Amelung Mainfr\u00e4nkisches Museum W\u00fcrzburg"},"author":1,"featured_media":0,"comment_status":"closed","ping_status":"closed","template":"","meta":[],"class_list":["post-3433","attachment","type-attachment","status-inherit","hentry"],"description":{"rendered":"<p class=\"attachment\"><a href='https:\/\/www.fayence-steinzeug-vogt.de\/wp-content\/uploads\/2017\/04\/Kunersberger-Teller-um-1765-Sammlung-Amelung-Mainfrankisches-Museum-Wurzburg-scaled.jpg'><img loading=\"lazy\" decoding=\"async\" width=\"199\" height=\"300\" src=\"https:\/\/www.fayence-steinzeug-vogt.de\/wp-content\/uploads\/2017\/04\/Kunersberger-Teller-um-1765-Sammlung-Amelung-Mainfrankisches-Museum-Wurzburg-199x300.jpg\" class=\"attachment-medium size-medium\" alt=\"K\u00fcnersberger Teller um 1765 Sammlung Amelung Mainfr\u00e4nkisches Museum W\u00fcrzburg\" srcset=\"https:\/\/www.fayence-steinzeug-vogt.de\/wp-content\/uploads\/2017\/04\/Kunersberger-Teller-um-1765-Sammlung-Amelung-Mainfrankisches-Museum-Wurzburg-199x300.jpg 199w, https:\/\/www.fayence-steinzeug-vogt.de\/wp-content\/uploads\/2017\/04\/Kunersberger-Teller-um-1765-Sammlung-Amelung-Mainfrankisches-Museum-Wurzburg-679x1024.jpg 679w, https:\/\/www.fayence-steinzeug-vogt.de\/wp-content\/uploads\/2017\/04\/Kunersberger-Teller-um-1765-Sammlung-Amelung-Mainfrankisches-Museum-Wurzburg-768x1158.jpg 768w, https:\/\/www.fayence-steinzeug-vogt.de\/wp-content\/uploads\/2017\/04\/Kunersberger-Teller-um-1765-Sammlung-Amelung-Mainfrankisches-Museum-Wurzburg-1018x1536.jpg 1018w, https:\/\/www.fayence-steinzeug-vogt.de\/wp-content\/uploads\/2017\/04\/Kunersberger-Teller-um-1765-Sammlung-Amelung-Mainfrankisches-Museum-Wurzburg-1358x2048.jpg 1358w, https:\/\/www.fayence-steinzeug-vogt.de\/wp-content\/uploads\/2017\/04\/Kunersberger-Teller-um-1765-Sammlung-Amelung-Mainfrankisches-Museum-Wurzburg-scaled.jpg 1697w\" sizes=\"(max-width: 199px) 100vw, 199px\" \/><\/a><\/p>\n"},"caption":{"rendered":"<p>K\u00fcnersberger Fayence Teller mit Fr\u00fcchtearrangement um 1765<\/p>\n"},"alt_text":"K\u00fcnersberger Teller um 1765 Sammlung Amelung Mainfr\u00e4nkisches Museum W\u00fcrzburg","media_type":"image","mime_type":"image\/jpeg","media_details":{"width":1697,"height":2560,"file":"2017\/04\/Kunersberger-Teller-um-1765-Sammlung-Amelung-Mainfrankisches-Museum-Wurzburg-scaled.jpg","sizes":{"medium":{"file":"Kunersberger-Teller-um-1765-Sammlung-Amelung-Mainfrankisches-Museum-Wurzburg-199x300.jpg","width":199,"height":300,"mime_type":"image\/jpeg","source_url":"https:\/\/www.fayence-steinzeug-vogt.de\/wp-content\/uploads\/2017\/04\/Kunersberger-Teller-um-1765-Sammlung-Amelung-Mainfrankisches-Museum-Wurzburg-199x300.jpg"},"large":{"file":"Kunersberger-Teller-um-1765-Sammlung-Amelung-Mainfrankisches-Museum-Wurzburg-679x1024.jpg","width":679,"height":1024,"mime_type":"image\/jpeg","source_url":"https:\/\/www.fayence-steinzeug-vogt.de\/wp-content\/uploads\/2017\/04\/Kunersberger-Teller-um-1765-Sammlung-Amelung-Mainfrankisches-Museum-Wurzburg-679x1024.jpg"},"thumbnail":{"file":"Kunersberger-Teller-um-1765-Sammlung-Amelung-Mainfrankisches-Museum-Wurzburg-150x150.jpg","width":150,"height":150,"mime_type":"image\/jpeg","source_url":"https:\/\/www.fayence-steinzeug-vogt.de\/wp-content\/uploads\/2017\/04\/Kunersberger-Teller-um-1765-Sammlung-Amelung-Mainfrankisches-Museum-Wurzburg-150x150.jpg"},"medium_large":{"file":"Kunersberger-Teller-um-1765-Sammlung-Amelung-Mainfrankisches-Museum-Wurzburg-768x1158.jpg","width":768,"height":1158,"mime_type":"image\/jpeg","source_url":"https:\/\/www.fayence-steinzeug-vogt.de\/wp-content\/uploads\/2017\/04\/Kunersberger-Teller-um-1765-Sammlung-Amelung-Mainfrankisches-Museum-Wurzburg-768x1158.jpg"},"1536x1536":{"file":"Kunersberger-Teller-um-1765-Sammlung-Amelung-Mainfrankisches-Museum-Wurzburg-1018x1536.jpg","width":1018,"height":1536,"mime_type":"image\/jpeg","source_url":"https:\/\/www.fayence-steinzeug-vogt.de\/wp-content\/uploads\/2017\/04\/Kunersberger-Teller-um-1765-Sammlung-Amelung-Mainfrankisches-Museum-Wurzburg-1018x1536.jpg"},"2048x2048":{"file":"Kunersberger-Teller-um-1765-Sammlung-Amelung-Mainfrankisches-Museum-Wurzburg-1358x2048.jpg","width":1358,"height":2048,"mime_type":"image\/jpeg","source_url":"https:\/\/www.fayence-steinzeug-vogt.de\/wp-content\/uploads\/2017\/04\/Kunersberger-Teller-um-1765-Sammlung-Amelung-Mainfrankisches-Museum-Wurzburg-1358x2048.jpg"},"full":{"file":"Kunersberger-Teller-um-1765-Sammlung-Amelung-Mainfrankisches-Museum-Wurzburg-scaled.jpg","width":1697,"height":2560,"mime_type":"image\/jpeg","source_url":"https:\/\/www.fayence-steinzeug-vogt.de\/wp-content\/uploads\/2017\/04\/Kunersberger-Teller-um-1765-Sammlung-Amelung-Mainfrankisches-Museum-Wurzburg-scaled.jpg"}},"image_meta":{"aperture":"0","credit":"","camera":"","caption":"","created_timestamp":"0","copyright":"","focal_length":"0","iso":"0","shutter_speed":"0","title":"","orientation":"0","keywords":[]},"original_image":"Kunersberger-Teller-um-1765-Sammlung-Amelung-Mainfrankisches-Museum-Wurzburg.jpg"},"post":3428,"source_url":"https:\/\/www.fayence-steinzeug-vogt.de\/wp-content\/uploads\/2017\/04\/Kunersberger-Teller-um-1765-Sammlung-Amelung-Mainfrankisches-Museum-Wurzburg-scaled.jpg","_links":{"self":[{"href":"https:\/\/www.fayence-steinzeug-vogt.de\/de\/wp-json\/wp\/v2\/media\/3433","targetHints":{"allow":["GET"]}}],"collection":[{"href":"https:\/\/www.fayence-steinzeug-vogt.de\/de\/wp-json\/wp\/v2\/media"}],"about":[{"href":"https:\/\/www.fayence-steinzeug-vogt.de\/de\/wp-json\/wp\/v2\/types\/attachment"}],"author":[{"embeddable":true,"href":"https:\/\/www.fayence-steinzeug-vogt.de\/de\/wp-json\/wp\/v2\/users\/1"}],"replies":[{"embeddable":true,"href":"https:\/\/www.fayence-steinzeug-vogt.de\/de\/wp-json\/wp\/v2\/comments?post=3433"}],"wp:attached-to":[{"embeddable":true,"post_type":"post","id":3428,"href":"https:\/\/www.fayence-steinzeug-vogt.de\/de\/wp-json\/wp\/v2\/posts\/3428"}],"curies":[{"name":"wp","href":"https:\/\/api.w.org\/{rel}","templated":true}]}}

Künersberger Teller um 1765 Sammlung Amelung Mainfränkisches Museum Würzburg

<p class="attachment"><a href='https://www.fayence-steinzeug-vogt.de/wp-content/uploads/2017/04/Kunersberger-Teller-um-1765-Sammlung-Amelung-Mainfrankisches-Museum-Wurzburg-scaled.jpg'><img loading="lazy" decoding="async" width="199" height="300" src="https://www.fayence-steinzeug-vogt.de/wp-content/uploads/2017/04/Kunersberger-Teller-um-1765-Sammlung-Amelung-Mainfrankisches-Museum-Wurzburg-199x300.jpg" class="attachment-medium size-medium" alt="Künersberger Teller um 1765 Sammlung Amelung Mainfränkisches Museum Würzburg" srcset="https://www.fayence-steinzeug-vogt.de/wp-content/uploads/2017/04/Kunersberger-Teller-um-1765-Sammlung-Amelung-Mainfrankisches-Museum-Wurzburg-199x300.jpg 199w, https://www.fayence-steinzeug-vogt.de/wp-content/uploads/2017/04/Kunersberger-Teller-um-1765-Sammlung-Amelung-Mainfrankisches-Museum-Wurzburg-679x1024.jpg 679w, https://www.fayence-steinzeug-vogt.de/wp-content/uploads/2017/04/Kunersberger-Teller-um-1765-Sammlung-Amelung-Mainfrankisches-Museum-Wurzburg-768x1158.jpg 768w, https://www.fayence-steinzeug-vogt.de/wp-content/uploads/2017/04/Kunersberger-Teller-um-1765-Sammlung-Amelung-Mainfrankisches-Museum-Wurzburg-1018x1536.jpg 1018w, https://www.fayence-steinzeug-vogt.de/wp-content/uploads/2017/04/Kunersberger-Teller-um-1765-Sammlung-Amelung-Mainfrankisches-Museum-Wurzburg-1358x2048.jpg 1358w, https://www.fayence-steinzeug-vogt.de/wp-content/uploads/2017/04/Kunersberger-Teller-um-1765-Sammlung-Amelung-Mainfrankisches-Museum-Wurzburg-scaled.jpg 1697w" sizes="(max-width: 199px) 100vw, 199px" /></a></p>

<p>Künersberger Fayence Teller mit Früchtearrangement um 1765</p>
