{"id":5272,"date":"2019-04-14T10:53:00","date_gmt":"2019-04-14T08:53:00","guid":{"rendered":"http:\/\/yootheme.markusweidemann.de\/wp-content\/uploads\/2019\/04\/Sceaux-Faience-Apothecary-Jar-Albarello-18th-century.jpg"},"modified":"2019-04-14T10:53:00","modified_gmt":"2019-04-14T08:53:00","slug":"faience","status":"inherit","type":"attachment","link":"https:\/\/www.fayence-steinzeug-vogt.de\/de\/sceaux-albarello-18th-century\/faience\/","title":{"rendered":"Sceaux-Faience-Apothecary-Jar-Albarello-18th-century"},"author":1,"featured_media":0,"comment_status":"closed","ping_status":"closed","template":"","meta":[],"class_list":["post-5272","attachment","type-attachment","status-inherit","hentry"],"description":{"rendered":"<p class=\"attachment\"><a href='https:\/\/www.fayence-steinzeug-vogt.de\/wp-content\/uploads\/2019\/04\/Sceaux-Faience-Apothecary-Jar-Albarello-18th-century.jpg'><img loading=\"lazy\" decoding=\"async\" width=\"300\" height=\"188\" src=\"https:\/\/www.fayence-steinzeug-vogt.de\/wp-content\/uploads\/2019\/04\/Sceaux-Faience-Apothecary-Jar-Albarello-18th-century-300x188.jpg\" class=\"attachment-medium size-medium\" alt=\"Sceaux-Faience-Apothecary-Jar-Albarello-18th-century\" srcset=\"https:\/\/www.fayence-steinzeug-vogt.de\/wp-content\/uploads\/2019\/04\/Sceaux-Faience-Apothecary-Jar-Albarello-18th-century-300x188.jpg 300w, https:\/\/www.fayence-steinzeug-vogt.de\/wp-content\/uploads\/2019\/04\/Sceaux-Faience-Apothecary-Jar-Albarello-18th-century-768x480.jpg 768w, https:\/\/www.fayence-steinzeug-vogt.de\/wp-content\/uploads\/2019\/04\/Sceaux-Faience-Apothecary-Jar-Albarello-18th-century.jpg 1024w\" sizes=\"(max-width: 300px) 100vw, 300px\" \/><\/a><\/p>\n<p>Paire de pots d&#8217;apothicaires cylindriques d\u00e9cor\u00e9s en petit feu d&#8217;inscriptions pharmaceutiques  Fin du XVIII\u00e8me si\u00e8cle<\/p>\n"},"caption":{"rendered":"<p>Paire de pots d&#8217;apothicaires cylindriques d\u00e9cor\u00e9s en petit feu d&#8217;inscriptions pharmaceutiques Fin du XVIII\u00e8me si\u00e8cle<\/p>\n"},"alt_text":"Sceaux-Faience-Apothecary-Jar-Albarello-18th-century","media_type":"image","mime_type":"image\/jpeg","media_details":{"width":1024,"height":640,"file":"2019\/04\/Sceaux-Faience-Apothecary-Jar-Albarello-18th-century.jpg","sizes":{"medium":{"file":"Sceaux-Faience-Apothecary-Jar-Albarello-18th-century-300x188.jpg","width":300,"height":188,"mime_type":"image\/jpeg","source_url":"https:\/\/www.fayence-steinzeug-vogt.de\/wp-content\/uploads\/2019\/04\/Sceaux-Faience-Apothecary-Jar-Albarello-18th-century-300x188.jpg"},"thumbnail":{"file":"Sceaux-Faience-Apothecary-Jar-Albarello-18th-century-150x150.jpg","width":150,"height":150,"mime_type":"image\/jpeg","source_url":"https:\/\/www.fayence-steinzeug-vogt.de\/wp-content\/uploads\/2019\/04\/Sceaux-Faience-Apothecary-Jar-Albarello-18th-century-150x150.jpg"},"medium_large":{"file":"Sceaux-Faience-Apothecary-Jar-Albarello-18th-century-768x480.jpg","width":768,"height":480,"mime_type":"image\/jpeg","source_url":"https:\/\/www.fayence-steinzeug-vogt.de\/wp-content\/uploads\/2019\/04\/Sceaux-Faience-Apothecary-Jar-Albarello-18th-century-768x480.jpg"},"full":{"file":"Sceaux-Faience-Apothecary-Jar-Albarello-18th-century.jpg","width":1024,"height":640,"mime_type":"image\/jpeg","source_url":"https:\/\/www.fayence-steinzeug-vogt.de\/wp-content\/uploads\/2019\/04\/Sceaux-Faience-Apothecary-Jar-Albarello-18th-century.jpg"}},"image_meta":{"aperture":"2.2","credit":"","camera":"EVA-L09","caption":"cof","created_timestamp":"1554836777","copyright":"","focal_length":"4.5","iso":"640","shutter_speed":"0.01","title":"cof","orientation":"1","keywords":[]}},"post":5270,"source_url":"https:\/\/www.fayence-steinzeug-vogt.de\/wp-content\/uploads\/2019\/04\/Sceaux-Faience-Apothecary-Jar-Albarello-18th-century.jpg","_links":{"self":[{"href":"https:\/\/www.fayence-steinzeug-vogt.de\/de\/wp-json\/wp\/v2\/media\/5272","targetHints":{"allow":["GET"]}}],"collection":[{"href":"https:\/\/www.fayence-steinzeug-vogt.de\/de\/wp-json\/wp\/v2\/media"}],"about":[{"href":"https:\/\/www.fayence-steinzeug-vogt.de\/de\/wp-json\/wp\/v2\/types\/attachment"}],"author":[{"embeddable":true,"href":"https:\/\/www.fayence-steinzeug-vogt.de\/de\/wp-json\/wp\/v2\/users\/1"}],"replies":[{"embeddable":true,"href":"https:\/\/www.fayence-steinzeug-vogt.de\/de\/wp-json\/wp\/v2\/comments?post=5272"}],"wp:attached-to":[{"embeddable":true,"post_type":"post","id":5270,"href":"https:\/\/www.fayence-steinzeug-vogt.de\/de\/wp-json\/wp\/v2\/posts\/5270"}],"curies":[{"name":"wp","href":"https:\/\/api.w.org\/{rel}","templated":true}]}}

<p class="attachment"><a href='https://www.fayence-steinzeug-vogt.de/wp-content/uploads/2019/04/Sceaux-Faience-Apothecary-Jar-Albarello-18th-century.jpg'><img loading="lazy" decoding="async" width="300" height="188" src="https://www.fayence-steinzeug-vogt.de/wp-content/uploads/2019/04/Sceaux-Faience-Apothecary-Jar-Albarello-18th-century-300x188.jpg" class="attachment-medium size-medium" alt="Sceaux-Faience-Apothecary-Jar-Albarello-18th-century" srcset="https://www.fayence-steinzeug-vogt.de/wp-content/uploads/2019/04/Sceaux-Faience-Apothecary-Jar-Albarello-18th-century-300x188.jpg 300w, https://www.fayence-steinzeug-vogt.de/wp-content/uploads/2019/04/Sceaux-Faience-Apothecary-Jar-Albarello-18th-century-768x480.jpg 768w, https://www.fayence-steinzeug-vogt.de/wp-content/uploads/2019/04/Sceaux-Faience-Apothecary-Jar-Albarello-18th-century.jpg 1024w" sizes="(max-width: 300px) 100vw, 300px" /></a></p>
<p>Paire de pots d&#8217;apothicaires cylindriques décorés en petit feu d&#8217;inscriptions pharmaceutiques  Fin du XVIIIème siècle</p>

<p>Paire de pots d&#8217;apothicaires cylindriques décorés en petit feu d&#8217;inscriptions pharmaceutiques Fin du XVIIIème siècle</p>
