{"id":842,"date":"2015-05-07T09:46:26","date_gmt":"2015-05-07T07:46:26","guid":{"rendered":"http:\/\/yootheme.markusweidemann.de\/wp-content\/uploads\/2015\/05\/Kunersberger-Fayencen-Heimatpflege-Memmingen.jpg"},"modified":"2015-05-07T09:46:26","modified_gmt":"2015-05-07T07:46:26","slug":"kuenersberger-fayencen-heimatpflege-memmingen","status":"inherit","type":"attachment","link":"https:\/\/www.fayence-steinzeug-vogt.de\/en\/kuenersberger-fayencen-heimatpflege-memmingen\/","title":{"rendered":"K\u00fcnersberger Fayencen: Die K\u00fcnersche Fayencemanufaktur in Memmingen und K\u00fcnersberg sowie Rupprechts Hausmalerwerkstatt im Memminger Steinbogen Taschenbuch \u2013 1995 von Heimatpflege Memmingen e.V. (Herausgeber), Stephanie Fr\u00f6schner (Autor)"},"author":1,"featured_media":0,"comment_status":"closed","ping_status":"closed","template":"","meta":[],"class_list":["post-842","attachment","type-attachment","status-inherit","hentry"],"description":{"rendered":"<p class=\"attachment\"><a href='https:\/\/www.fayence-steinzeug-vogt.de\/wp-content\/uploads\/2015\/05\/Kunersberger-Fayencen-Heimatpflege-Memmingen.jpg'><img loading=\"lazy\" decoding=\"async\" width=\"217\" height=\"300\" src=\"https:\/\/www.fayence-steinzeug-vogt.de\/wp-content\/uploads\/2015\/05\/Kunersberger-Fayencen-Heimatpflege-Memmingen-217x300.jpg\" class=\"attachment-medium size-medium\" alt=\"\" srcset=\"https:\/\/www.fayence-steinzeug-vogt.de\/wp-content\/uploads\/2015\/05\/Kunersberger-Fayencen-Heimatpflege-Memmingen-217x300.jpg 217w, https:\/\/www.fayence-steinzeug-vogt.de\/wp-content\/uploads\/2015\/05\/Kunersberger-Fayencen-Heimatpflege-Memmingen.jpg 344w\" sizes=\"(max-width: 217px) 100vw, 217px\" \/><\/a><\/p>\n<p>K\u00fcnersberger Fayencen: Die K\u00fcnersche Fayencemanufaktur in Memmingen und K\u00fcnersberg sowie Rupprechts Hausmalerwerkstatt im Memminger Steinbogen Taschenbuch \u2013 1995<br \/>\nvon Heimatpflege Memmingen e.V. (Herausgeber), Stephanie Fr\u00f6schner (Autor)<\/p>\n"},"caption":{"rendered":"<p>K\u00fcnersberger Fayencen: Die K\u00fcnersche Fayencemanufaktur in Memmingen und K\u00fcnersberg sowie Rupprechts Hausmalerwerkstatt im Memminger Steinbogen Taschenbuch \u2013 1995 von Heimatpflege Memmingen e.V. (Herausgeber), Stephanie Fr\u00f6schner (Autor)<\/p>\n"},"alt_text":"","media_type":"image","mime_type":"image\/jpeg","media_details":{"width":344,"height":475,"file":"2015\/05\/Kunersberger-Fayencen-Heimatpflege-Memmingen.jpg","sizes":{"medium":{"file":"Kunersberger-Fayencen-Heimatpflege-Memmingen-217x300.jpg","width":217,"height":300,"mime_type":"image\/jpeg","source_url":"https:\/\/www.fayence-steinzeug-vogt.de\/wp-content\/uploads\/2015\/05\/Kunersberger-Fayencen-Heimatpflege-Memmingen-217x300.jpg"},"thumbnail":{"file":"Kunersberger-Fayencen-Heimatpflege-Memmingen-150x150.jpg","width":150,"height":150,"mime_type":"image\/jpeg","source_url":"https:\/\/www.fayence-steinzeug-vogt.de\/wp-content\/uploads\/2015\/05\/Kunersberger-Fayencen-Heimatpflege-Memmingen-150x150.jpg"},"full":{"file":"Kunersberger-Fayencen-Heimatpflege-Memmingen.jpg","width":344,"height":475,"mime_type":"image\/jpeg","source_url":"https:\/\/www.fayence-steinzeug-vogt.de\/wp-content\/uploads\/2015\/05\/Kunersberger-Fayencen-Heimatpflege-Memmingen.jpg"}},"image_meta":{"aperture":"0","credit":"","camera":"","caption":"","created_timestamp":"0","copyright":"","focal_length":"0","iso":"0","shutter_speed":"0","title":"","orientation":"0","keywords":[]}},"post":null,"source_url":"https:\/\/www.fayence-steinzeug-vogt.de\/wp-content\/uploads\/2015\/05\/Kunersberger-Fayencen-Heimatpflege-Memmingen.jpg","_links":{"self":[{"href":"https:\/\/www.fayence-steinzeug-vogt.de\/en\/wp-json\/wp\/v2\/media\/842","targetHints":{"allow":["GET"]}}],"collection":[{"href":"https:\/\/www.fayence-steinzeug-vogt.de\/en\/wp-json\/wp\/v2\/media"}],"about":[{"href":"https:\/\/www.fayence-steinzeug-vogt.de\/en\/wp-json\/wp\/v2\/types\/attachment"}],"author":[{"embeddable":true,"href":"https:\/\/www.fayence-steinzeug-vogt.de\/en\/wp-json\/wp\/v2\/users\/1"}],"replies":[{"embeddable":true,"href":"https:\/\/www.fayence-steinzeug-vogt.de\/en\/wp-json\/wp\/v2\/comments?post=842"}]}}

Künersberger Fayencen: Die Künersche Fayencemanufaktur in Memmingen und Künersberg sowie Rupprechts Hausmalerwerkstatt im Memminger Steinbogen Taschenbuch – 1995 von Heimatpflege Memmingen e.V. (Herausgeber), Stephanie Fröschner (Autor)

<p class="attachment"><a href='https://www.fayence-steinzeug-vogt.de/wp-content/uploads/2015/05/Kunersberger-Fayencen-Heimatpflege-Memmingen.jpg'><img loading="lazy" decoding="async" width="217" height="300" src="https://www.fayence-steinzeug-vogt.de/wp-content/uploads/2015/05/Kunersberger-Fayencen-Heimatpflege-Memmingen-217x300.jpg" class="attachment-medium size-medium" alt="" srcset="https://www.fayence-steinzeug-vogt.de/wp-content/uploads/2015/05/Kunersberger-Fayencen-Heimatpflege-Memmingen-217x300.jpg 217w, https://www.fayence-steinzeug-vogt.de/wp-content/uploads/2015/05/Kunersberger-Fayencen-Heimatpflege-Memmingen.jpg 344w" sizes="(max-width: 217px) 100vw, 217px" /></a></p>
<p>Künersberger Fayencen: Die Künersche Fayencemanufaktur in Memmingen und Künersberg sowie Rupprechts Hausmalerwerkstatt im Memminger Steinbogen Taschenbuch – 1995<br />
von Heimatpflege Memmingen e.V. (Herausgeber), Stephanie Fröschner (Autor)</p>

<p>Künersberger Fayencen: Die Künersche Fayencemanufaktur in Memmingen und Künersberg sowie Rupprechts Hausmalerwerkstatt im Memminger Steinbogen Taschenbuch – 1995 von Heimatpflege Memmingen e.V. (Herausgeber), Stephanie Fröschner (Autor)</p>
